at is the tens digit of 2277?
7
What is the hundreds digit of 2061?
0
What is the tens digit of 4400?
0
What is the tens digit of 13623?
2
What is the ten thousands digit of 11212?
1
What is the units digit of 644?
4
What is the ten thousands digit of 46648?
4
What is the hundreds digit of 38464?
4
What is the thousands digit of 9490?
9
What is the hundreds digit of 1372?
3
What is the thousands digit of 4202?
4
What is the tens digit of 28910?
1
What is the units digit of 2977?
7
What is the units digit of 2146?
6
What is the units digit of 226?
6
What is the hundreds digit of 990?
9
What is the tens digit of 5783?
8
What is the hundreds digit of 2049?
0
What is the hundreds digit of 1101?
1
What is the hundreds digit of 808?
8
What is the tens digit of 2117?
1
What is the tens digit of 73988?
8
What is the hundreds digit of 1873?
8
What is the ten thousands digit of 103535?
0
What is the thousands digit of 29507?
9
What is the hundreds digit of 2688?
6
What is the thousands digit of 10282?
0
What is the units digit of 4484?
4
What is the ten thousands digit of 60363?
6
What is the units digit of 6349?
9
What is the units digit of 1145?
5
What is the thousands digit of 2361?
2
What is the tens digit of 31677?
7
What is the hundreds digit of 2708?
7
What is the hundreds digit of 6769?
7
What is the tens digit of 982?
8
What is the ten thousands digit of 38611?
3
What is the units digit of 606?
6
What is the tens digit of 3695?
9
What is the tens digit of 1092?
9
What is the thousands digit of 6418?
6
What is the ten thousands digit of 123056?
2
What is the hundreds digit of 853?
8
What is the tens digit of 25785?
8
What is the thousands digit of 1002?
1
What is the units digit of 15190?
0
What is the tens digit of 7200?
0
What is the units digit of 23380?
0
What is the ten thousands digit of 36087?
3
What is the units digit of 6038?
8
What is the hundreds digit of 4808?
8
What is the ten thousands digit of 35220?
3
What is the thousands digit of 67346?
7
What is the units digit of 885?
5
What is the thousands digit of 4235?
4
What is the tens digit of 1866?
6
What is the ten thousands digit of 125808?
2
What is the units digit of 4810?
0
What is the tens digit of 19155?
5
What is the hundreds digit of 39465?
4
What is the thousands digit of 6719?
6
What is the thousands digit of 5211?
5
What is the hundreds digit of 609?
6
What is the tens digit of 78501?
0
What is the units digit of 2036?
6
What is the tens digit of 886?
8
What is the ten thousands digit of 68473?
6
What is the thousands digit of 27449?
7
What is the tens digit of 2549?
4
What is the units digit of 319?
9
What is the thousands digit of 3543?
3
What is the hundreds digit of 2689?
6
What is the ten thousands digit of 83002?
8
What is the tens digit of 2352?
5
What is the tens digit of 113872?
7
What is the units digit of 16566?
6
What is the thousands digit of 2580?
2
What is the ten thousands digit of 13961?
1
What is the hundreds digit of 683?
6
What is the thousands digit of 1320?
1
What is the hundreds digit of 1666?
6
What is the thousands digit of 11227?
1
What is the units digit of 30234?
4
What is the units digit of 674?
4
What is the thousands digit of 54985?
4
What is the tens digit of 1866?
6
What is the thousands digit of 3996?
3
What is the tens digit of 1235?
3
What is the thousands digit of 5841?
5
What is the tens digit of 19966?
6
What is the thousands digit of 10942?
0
What is the thousands digit of 56011?
6
What is the thousands digit of 1643?
1
What is the thousands digit of 1339?
1
What is the thousands digit of 7844?
7
What is the units digit of 3949?
9
What is the thousands digit of 3234?
3
What is the tens digit of 14?
1
What is the tens digit of 996?
9
What is the hundreds digit of 1949?
9
What is the units digit of 3935?
5
What is the units digit of 1166?
6
What is the tens digit of 4603?
0
What is the thousands digit of 8768?
8
What is the tens digit of 34690?
9
What is the tens digit of 7723?
2
What is the tens digit of 3117?
1
What is the tens digit of 75846?
4
What is the units digit of 57635?
5
What is the hundreds digit of 786?
7
What is the hundreds digit of 4740?
7
What is the tens digit of 497?
9
What is the thousands digit of 11869?
1
What is the units digit of 9583?
3
What is the thousands digit of 6250?
6
What is the hundreds digit of 4498?
4
What is the tens digit of 1810?
1
What is the hundreds digit of 9867?
8
What is the ten thousands digit of 164292?
6
What is the hundreds digit of 6684?
6
What is the units digit of 8489?
9
What is the units digit of 5086?
6
What is the ten thousands digit of 25028?
2
What is the units digit of 1650?
0
What is the thousands digit of 1932?
1
What is the hundreds digit of 1283?
2
What is the hundreds digit of 640?
6
What is the hundreds digit of 2593?
5
What is the units digit of 12670?
0
What is the tens digit of 68256?
5
What is the units digit of 14442?
2
What is the thousands digit of 45169?
5
What is the hundreds digit of 7815?
8
What is the tens digit of 5451?
5
What is the hundreds digit of 2366?
3
What is the hundreds digit of 6875?
8
What is the hundreds digit of 130?
1
What is the tens digit of 57948?
4
What is the hundreds digit of 38802?
8
What is the ten thousands digit of 46234?
4
What is the hundreds digit of 35095?
0
What is the hundreds digit of 384?
3
What is the hundreds digit of 288?
2
What is the tens digit of 334?
3
What is the thousands digit of 9757?
9
What is the tens digit of 1527?
2
What is the units digit of 4039?
9
What is the units digit of 1610?
0
What is the hundreds digit of 1793?
7
What is the ten thousands digit of 16983?
1
What is the tens digit of 33914?
1
What is the thousands digit of 10514?
0
What is the hundreds digit of 1803?
8
What is the thousands digit of 2047?
2
What is the tens digit of 460?
6
What is the units digit of 51720?
0
What is the tens digit of 6443?
4
What is the hundred thousands digit of 124985?
1
What is the thousands digit of 112267?
2
What is the tens digit of 1719?
1
What is the hundreds digit of 672?
6
What is the units digit of 1553?
3
What is the hundreds digit of 1176?
1
What is the units digit of 12948?
8
What is the hundreds digit of 2844?
8
What is the hundreds digit of 1641?
6
What is the thousands digit of 23950?
3
What is the hundreds digit of 2695?
6
What is the thousands digit of 55093?
5
What is the tens digit of 1515?
1
What is the units digit of 489?
9
What is the hundred thousands digit of 170738?
1
What is the tens digit of 50892?
9
What is the ten thousands digit of 14905?
1
What is the hundreds digit of 881?
8
What is the units digit of 1713?
3
What is the units digit of 229?
9
What is the units digit of 60871?
1
What is the ten thousands digit of 48610?
4
What is the tens digit of 1625?
2
What is the tens digit of 755?
5
What is the tens digit of 20536?
3
What is the tens digit of 8102?
0
What is the hundreds digit of 7386?
3
What is the units digit of 9?
9
What is the thousands digit of 5423?
5
What is the hundreds digit of 10723?
7
What is the hundreds digit of 41229?
2
What is the units digit of 12087?
7
What is the tens digit of 26187?
8
What is the units digit of 1592?
2
What is the ten thousands digit of 70156?
7
What is the ten thousands digit of 14763?
1
What is the units digit of 513?
3
What is the units digit of 123481?
1
What is the tens digit of 3441?
4
What is the tens digit of 18056?
5
What is the units digit of 35619?
9
What is the ten thousands digit of 75517?
7
What is the units digit of 6527?
7
What is the hundreds digit of 41515?
5
What is the tens digit of 2151?
5
What is the thousands digit of 5160?
5
What is the thousands digit of 13128?
3
What is the ten thousands digit of 67908?
6
What is the ten thousands digit of 21450?
2
What is the tens digit of 1084?
8
What is the hundreds digit of 1048?
0
What is the hundreds digit of 2603?
6
What is the units digit of 1031?
1
What is the units digit of 2171?
1
What is the hundreds digit of 53523?
5
What is the units digit of 8080?
0
What is the units digit of 2322?
2
What is the tens digit of 72699?
9
What is the tens digit of 28?
2
What is the units digit of 40122?
2
What is the tens digit of 49359?
5
What is the units digit of 3364?
4
What is the thou